
47
Calculate the highest common factor of 37661 and 224640.
13
What is the greatest common factor of 4620400 and 2100?
100
Calculate the greatest common divisor of 3110 and 9219595.
1555
What is the highest common divisor of 1572708 and 24?
12
What is the highest common divisor of 86 and 197198?
86
Calculate the greatest common factor of 2 and 262521.
1
What is the greatest common factor of 17199 and 42490791?
1323
Calculate the greatest common factor of 7252317 and 62352.
3897
Calculate the greatest common factor of 32 and 7723220.
4
Calculate the greatest common divisor of 10703 and 200299.
1529
What is the greatest common factor of 32 and 428111264?
32
Calculate the greatest common factor of 18070609 and 17.
17
What is the highest common divisor of 22988 and 37786?
14
Calculate the highest common divisor of 8729189 and 665.
133
Calculate the highest common factor of 2317 and 2877383.
331
What is the greatest common factor of 241002 and 31887?
27
What is the greatest common factor of 7938 and 30366819?
3969
What is the highest common divisor of 46 and 527503712?
46
Calculate the greatest common divisor of 194170080 and 74592.
3552
What is the highest common divisor of 37090368 and 1488?
48
What is the greatest common factor of 231741 and 6?
3
Calculate the highest common divisor of 51 and 2358367041.
51
What is the greatest common factor of 776632 and 6539?
503
What is the greatest common divisor of 1672 and 5866234?
22
What is the greatest common divisor of 13713282 and 882?
18
What is the highest common divisor of 709091 and 3725?
149
Calculate the highest common factor of 31154 and 2432959.
421
What is the greatest common divisor of 65 and 23799560?
5
Calculate the highest common factor of 247904 and 26352.
976
What is the greatest common factor of 264 and 74854912?
88
Calculate the greatest common divisor of 132102 and 3053382.
1074
What is the highest common divisor of 21142925 and 25?
25
Calculate the greatest common factor of 5567191 and 95018.
4319
What is the highest common divisor of 5369 and 1285492?
767
Calculate the greatest common divisor of 599620 and 65380.
140
What is the highest common divisor of 4721982 and 16430?
3286
Calculate the highest common factor of 34840071 and 682425.
9099
What is the highest common divisor of 7464768 and 51?
51
Calculate the greatest common divisor of 173375104 and 716.
716
Calculate the highest common divisor of 2450 and 109871181.
49
What is the greatest common factor of 3732000 and 390?
30
What is the greatest common divisor of 9149 and 4166716?
1307
Calculate the greatest common divisor of 896 and 660604.
28
What is the greatest common divisor of 2110 and 412663250?
2110
Calculate the greatest common divisor of 135 and 5003925.
15
Calculate the greatest common factor of 644 and 30096640.
28
Calculate the highest common factor of 9982512 and 9050.
362
Calculate the greatest common divisor of 662454 and 1624994.
5662
What is the highest common divisor of 15574 and 1384500?
26
What is the highest common factor of 37697 and 24035?
253
Calculate the highest common divisor of 299293 and 2997.
37
What is the highest common factor of 212079330 and 10?
10
Calculate the highest common divisor of 46420 and 112640.
220
Calculate the highest common factor of 369142733 and 916.
229
Calculate the highest common factor of 19803 and 24537639.
861
What is the greatest common factor of 183 and 367042856?
61
What is the highest common divisor of 1988657 and 4233053?
3817
What is the highest common divisor of 1812288 and 78?
6
Calculate the greatest common factor of 1808513 and 6251.
329
Calculate the greatest common factor of 3390 and 69760.
10
Calculate the highest common divisor of 2144 and 116013984.
2144
What is the highest common divisor of 17328 and 12014802?
2166
Calculate the highest common factor of 2559612 and 121.
11
What is the highest common divisor of 637 and 234712933?
91
Calculate the greatest common factor of 1490000 and 875.
125
Calculate the highest common factor of 382 and 629695294.
382
What is the highest common divisor of 5876 and 79922414?
2938
What is the highest common divisor of 648369 and 376739?
1181
What is the greatest common factor of 303195 and 15045?
255
Calculate the greatest common divisor of 650 and 9241180.
130
Calculate the highest common divisor of 1816690 and 1600.
10
What is the highest common factor of 3636026395 and 755?
755
What is the highest common divisor of 7497252 and 24?
12
What is the greatest common divisor of 774789 and 9148800?
2859
What is the greatest common divisor of 9559 and 1264?
79
What is the highest common factor of 333794279 and 23569?
3367
What is the greatest common divisor of 195052 and 1584?
44
What is the greatest common divisor of 1074 and 507859874?
358
What is the greatest common factor of 916 and 10105770?
458
Calculate the greatest common factor of 333 and 1717680267.
333
Calculate the highest common factor of 105 and 14686630.
35
What is the greatest common factor of 5401565 and 520?
65
What is the highest common divisor of 1198691 and 5083?
299
What is the highest common divisor of 46384 and 1523759?
223
Calculate the greatest common factor of 1631 and 833494823.
1631
Calculate the highest common factor of 2703 and 52156.
17
What is the highest common factor of 2014 and 108202150?
2014
Calculate the greatest common divisor of 12848324 and 74.
74
What is the highest common divisor of 32802720 and 1440?
480
Calculate the highest common factor of 6786 and 8171562.
174
What is the greatest common divisor of 384 and 223481472?
384
What is the greatest common factor of 218063 and 29279?
437
What is the highest common divisor of 6885 and 1829655?
135
What is the highest common divisor of 1197 and 103755447?
171
What is the highest common factor of 83 and 27341943?
83
Calculate the highest common factor of 98 and 50475782.
98
What is the greatest common divisor of 36148 and 30628975?
1291
What is the greatest common factor of 38657610 and 270?
90
Calculate the highest common divisor of 15 and 33554805.
15
What is the greatest common factor of 61125624 and 5292?
756
What is the greatest common divisor of 6887056 and 8393?
1199
What is the highest common divisor of 1387 and 1644868?
19
Calculate the greatest common factor of 910534100 and 334.
334
What is the greatest common divisor of 936 and 11543922?
234
Calculate the greatest common divisor of 5 and 8042173.
1
Calculate the highest common divisor of 253 and 141140581.
23
Calculate the greatest common factor of 130 and 8990774.
26
Calculate the highest common divisor of 725348029 and 2842.
1421
Calculate the greatest common divisor of 55279149 and 4023.
447
Calculate the greatest common divisor of 10 and 59133925.
5
Calculate the highest common factor of 2215 and 779520520.
2215
Calculate the highest common divisor of 19856194 and 4978.
262
Calculate the greatest common factor of 512608 and 4288.
32
Calculate the highest common factor of 506 and 4339226.
46
What is the greatest common divisor of 112606 and 49166?
1586
Calculate the greatest common divisor of 896148 and 678156.
372
What is the greatest common divisor of 50 and 10071170?
10
Calculate the highest common divisor of 180912 and 192.
48
Calculate the greatest common divisor of 39947 and 3508833.
929
Calculate the highest common factor of 84 and 96320112.
84
What is the greatest common divisor of 1353 and 1989999?
33
What is the greatest common divisor of 170730 and 192150?
630
What is the greatest common divisor of 2911 and 5440249?
41
Calculate the greatest common divisor of 1561 and 2990981.
7
What is the greatest common factor of 588 and 19538988?
84
What is the greatest common divisor of 1740362 and 36062?
494
Calculate the highest common factor of 35392516 and 68134.
6194
Calculate the highest common divisor of 513 and 204801.
57
What is the highest common divisor of 34334021 and 401?
401
What is the highest common divisor of 159602850 and 21450?
1650
What is the highest common divisor of 2676992 and 256?
256
What is the greatest common divisor of 75638123 and 99?
11
Calculate the highest common divisor of 13397632 and 45064.
1048
What is the greatest common divisor of 105927 and 204819?
201
Calculate the highest common f